{"id":64,"date":"2025-02-27T16:42:54","date_gmt":"2025-02-27T15:42:54","guid":{"rendered":"https:\/\/randodecouverteamitie.wordpress.com\/?page_id=64"},"modified":"2026-05-08T14:27:18","modified_gmt":"2026-05-08T14:27:18","slug":"programmes-rando","status":"publish","type":"page","link":"https:\/\/randodecouverteamitie.fr\/index.php\/programmes-rando\/","title":{"rendered":"Programmes rando"},"content":{"rendered":"\n<figure class=\"wp-block-image size-large\"><img decoding=\"async\" src=\"http:\/\/randodecouverteamitie.fr\/wp-content\/uploads\/2025\/05\/263c30e0-96e4-4d2c-beb2-7b3a6cb1b913-edited-1.jpg\" alt=\"\" class=\"wp-image-136\" style=\"aspect-ratio:16\/9;object-fit:cover\"\/><\/figure>\n\n\n\n<p class=\"has-text-align-justify has-white-color has-text-color has-link-color wp-elements-e214007de13d02e1c702bc3cf61745ea\">Les randonn\u00e9es guid\u00e9es par des adh\u00e9rents et inscrites dans un calendrier trimestriel se d\u00e9roulent les jeudis et dimanches matin. Pour le jeudi matin, le rendez-vous au d\u00e9part du covoiturage se fait \u00e0 8h20 pour un d\u00e9part \u00e0 8h30 sur le parking \u00e0 l&rsquo;entr\u00e9e du parc de Grouchy \u00e0 Osny et le dimanche, avec les m\u00eames horaires, le rendez-vous au d\u00e9part du covoiturage s&rsquo;organise sur le parking de la gare d&rsquo;Osny.<\/p>\n\n\n\n<p class=\"has-white-color has-text-color has-link-color wp-elements-decc9838b1f89f8390ceb15288a89054\">Les randonn\u00e9es propos\u00e9es sur l&rsquo;ensemble du d\u00e9partement varient entre 11 et 15 km.<\/p>\n\n\n\n<p class=\"has-text-align-justify has-white-color has-text-color has-link-color wp-elements-f97dc7a925f46dc89f727a0b612e346f\">Des randonn\u00e9es \u00e0 la journ\u00e9e sont aussi organis\u00e9es sur des distances de 20 \u00e0 22 km (Paris, Fontainebleau\u2026) ainsi que des marches de nuit.<\/p>\n\n\n\n<p class=\"has-text-align-justify has-white-color has-text-color has-link-color wp-elements-5d2fe9a618b26d59839b90abcfb016c0\">RDA participe aussi aux marches interclubs propos\u00e9es par les autres associations de randonn\u00e9e du Val-d&rsquo;Oise ou des d\u00e9partements limitrophes : Chars, l&rsquo;Auversienne, la Beaumontoise, la Marguerite Champenoise\u2026 inscrites dans le calendrier de marche du club.<\/p>\n\n\n\n<hr class=\"wp-block-separator has-alpha-channel-opacity\"\/>\n\n\n\n<div class=\"wp-block-columns are-vertically-aligned-top is-layout-flex wp-container-core-columns-is-layout-9d6595d7 wp-block-columns-is-layout-flex\">\n<div class=\"wp-block-column is-layout-flow wp-block-column-is-layout-flow\">\n<div data-wp-interactive=\"core\/file\" class=\"wp-block-file\"><object data-wp-bind--hidden=\"!state.hasPdfPreview\" hidden class=\"wp-block-file__embed\" data=\"https:\/\/randodecouverteamitie.fr\/wp-content\/uploads\/2026\/03\/Planning-jeudi-T2-2026.pdf\" type=\"application\/pdf\" style=\"width:100%;height:390px\" aria-label=\"Contenu embarqu\u00e9 Planning jeudi T2 -2026.\"><\/object><a id=\"wp-block-file--media-bae960d9-df22-47d8-b66d-b9b54a32837c\" href=\"https:\/\/randodecouverteamitie.fr\/wp-content\/uploads\/2026\/03\/Planning-jeudi-T2-2026.pdf\">Planning jeudi T2 -2026<\/a><a href=\"https:\/\/randodecouverteamitie.fr\/wp-content\/uploads\/2026\/03\/Planning-jeudi-T2-2026.pdf\" class=\"wp-block-file__button wp-element-button\" download aria-describedby=\"wp-block-file--media-bae960d9-df22-47d8-b66d-b9b54a32837c\">T\u00e9l\u00e9charger<\/a><\/div>\n<\/div>\n\n\n\n<div class=\"wp-block-column is-layout-flow wp-block-column-is-layout-flow\">\n<div data-wp-interactive=\"core\/file\" class=\"wp-block-file\"><object data-wp-bind--hidden=\"!state.hasPdfPreview\" hidden class=\"wp-block-file__embed\" data=\"https:\/\/randodecouverteamitie.fr\/wp-content\/uploads\/2026\/05\/Planning-dimanche-T2-2026.pdf\" type=\"application\/pdf\" style=\"width:100%;height:390px\" aria-label=\"Contenu embarqu\u00e9 Planning dimanche T2-2026.\"><\/object><a id=\"wp-block-file--media-43ad49a5-5065-4d5c-b6e4-878e9d29eef3\" href=\"https:\/\/randodecouverteamitie.fr\/wp-content\/uploads\/2026\/05\/Planning-dimanche-T2-2026.pdf\">Planning dimanche T2-2026<\/a><a href=\"https:\/\/randodecouverteamitie.fr\/wp-content\/uploads\/2026\/05\/Planning-dimanche-T2-2026.pdf\" class=\"wp-block-file__button wp-element-button\" download aria-describedby=\"wp-block-file--media-43ad49a5-5065-4d5c-b6e4-878e9d29eef3\">T\u00e9l\u00e9charger<\/a><\/div>\n<\/div>\n<\/div>\n\n\n\n<p><\/p>\n","protected":false},"excerpt":{"rendered":"<p>Les randonn\u00e9es guid\u00e9es par des adh\u00e9rents et inscrites dans un calendrier trimestriel se d\u00e9roulent les jeudis et dimanches matin. Pour le jeudi matin, le rendez-vous au d\u00e9part du covoiturage se fait \u00e0 8h20 pour un d\u00e9part \u00e0 8h30 sur le parking \u00e0 l&rsquo;entr\u00e9e du parc de Grouchy \u00e0 Osny et le dimanche, avec les m\u00eames &hellip; <a href=\"https:\/\/randodecouverteamitie.fr\/index.php\/programmes-rando\/\" class=\"more-link\">Lire la suite <span class=\"screen-reader-text\">Programmes rando<\/span><\/a><\/p>\n","protected":false},"author":1,"featured_media":0,"parent":0,"menu_order":0,"comment_status":"closed","ping_status":"closed","template":"","meta":{"footnotes":""},"class_list":["post-64","page","type-page","status-publish","hentry"],"_links":{"self":[{"href":"https:\/\/randodecouverteamitie.fr\/index.php\/wp-json\/wp\/v2\/pages\/64","targetHints":{"allow":["GET"]}}],"collection":[{"href":"https:\/\/randodecouverteamitie.fr\/index.php\/wp-json\/wp\/v2\/pages"}],"about":[{"href":"https:\/\/randodecouverteamitie.fr\/index.php\/wp-json\/wp\/v2\/types\/page"}],"author":[{"embeddable":true,"href":"https:\/\/randodecouverteamitie.fr\/index.php\/wp-json\/wp\/v2\/users\/1"}],"replies":[{"embeddable":true,"href":"https:\/\/randodecouverteamitie.fr\/index.php\/wp-json\/wp\/v2\/comments?post=64"}],"version-history":[{"count":29,"href":"https:\/\/randodecouverteamitie.fr\/index.php\/wp-json\/wp\/v2\/pages\/64\/revisions"}],"predecessor-version":[{"id":522,"href":"https:\/\/randodecouverteamitie.fr\/index.php\/wp-json\/wp\/v2\/pages\/64\/revisions\/522"}],"wp:attachment":[{"href":"https:\/\/randodecouverteamitie.fr\/index.php\/wp-json\/wp\/v2\/media?parent=64"}],"curies":[{"name":"wp","href":"https:\/\/api.w.org\/{rel}","templated":true}]}}